e -4 + 1 = -k. What is the remainder when i is divided by 2/3 + 52/k?
15
Let d = -71 + 79. Let c = 106 + -74. Suppose d - c = -4*o. What is the remainder when 11 is divided by o?
5
Suppose 2*i + 5*p - 17 = 0, -2*p - 4 = 4*i - 30. What is the remainder when 18 is divided by i?
0
Suppose c - 15 = w + 3*w, 2*c - w - 16 = 0. Calculate the remainder when ((165/22 - 9) + 3)*(16 - -2) is divided by c.
6
Suppose 3*x - 5*x - 16 = 0. What is the remainder when 270/14 + x/28 is divided by ((-14)/(-10))/(3/15)?
5
Let r(t) = 3*t - 19. Let s be r(8). Calculate the remainder when 56 is divided by 12 + s + 6/2.
16
Suppose 272*a - 255*a = 2805. What is the remainder when a is divided by -2*(-23)/2 + -2?
18
Let h be (19/(-3))/(4/(-96)). Let i(j) = h*j - 2 - 162*j + 0. What is the remainder when 51 is divided by i(-2)?
15
Let c = -39 + 41. Suppose 23 = 4*j - j - c*q, -2*q - 2 = 0. Let p(h) = h**3 - 5*h**2 - 4*h - 8. What is the remainder when j is divided by p(6)?
3
Let x = 16 + -64. Let j = x + 51. What is the remainder when 11 is divided by j?
2
Let n(r) = 12*r - 3. Let f = 495 - 483. Calculate the remainder when n(4) is divided by f.
9
Let c = -1855 + 1869. Calculate the remainder when 315 is divided by c.
7
Suppose 4*o - 20 - 4 = 0. Let x be (-1 - 2)*(-7 + o). Suppose 0 = -c + u + 33, 5*c + u + x*u - 174 = 0. What is the remainder when c is divided by 18?
16
Suppose 2*w + 39 = 3*w. Let u = 57 - w. Calculate the remainder when u is divided by 7.
4
Suppose j - 9 = -3. What is the remainder when -2*-3*3/j is divided by 2?
1
What is the remainder when 11/(-44)*-8 - -127 is divided by 22?
19
Suppose 30 = -6*q - 0. Let n(a) = 4*a**2 + 19*a - 3. What is the remainder when 8 is divided by n(q)?
0
Let j(y) = -3*y. Let b be j(-2). Let u = 1 - b. Calculate the remainder when (-2)/u + 492/20 is divided by 13.
12
Let s(v) = -4*v**3 - 5*v**2 - v + 2. Suppose 5*k = -3*r - 29, -k = -3*r + 4*r + 7. Let b(a) = -3*a + 5. Calculate the remainder when s(r) is divided by b(-6).
22
Suppose 229 + 19 = -o - 4*x, 251 = -o - 5*x. Suppose -67 - 314 = 3*b. Let g = b - o. Calculate the remainder when g is divided by 37.
35
Suppose -q - 267 = -4*a, -2*a - 3*a = -3*q - 325. What is the remainder when a is divided by 222/8 - (-3)/(-4)?
14
Suppose 339*f - 1064 = 332*f. Calculate the remainder when f is divided by 53.
46
Let n = -80 + 132. Suppose -13 = -d + 1. Let u = 23 - d. What is the remainder when n is divided by u?
7
Let c = 87 + -44. Let o = c + -39. What is the remainder when 4 is divided by o?
0
Suppose 2*y + 281 = i, 4*i - 11*y = -7*y + 1116. What is the remainder when i is divided by 91?
4
Calculate the remainder when (759/77 + 5)/((-4)/(-14)) is divided by 18.
16
Suppose 5*g - 3*q - 343 = 0, 4*g - 5*q = 238 + 39. Suppose 7*u = 5 + 65. What is the remainder when g is divided by u?
8
Suppose -4*z + 206 = -146. Let l(r) = 16*r + 354. Calculate the remainder when z is divided by l(-21).
16
Suppose 5*y - 14 = -j, -6*j - 9 = -2*y - 3*j. Suppose 7*z = -4*z + 11. Calculate the remainder when y is divided by z.
0
Suppose f + 20 = 4*x, -2*f = x + 8 - 4. Suppose 4*i - x*r - 312 = 0, 10*r + 16 = 14*r. What is the remainder when i is divided by 42?
40
Let u(w) = w + 12. Let k be u(8). Let p = -10 + k. Suppose t + 3*t - 5*x - 39 = 0, -5*t + 2*x = -36. Calculate the remainder when p is divided by t.
4
What is the remainder when 33/(-3) + 492 + -5 is divided by 5?
1
Let c(h) = -23*h**3 + 3*h**2 + 3*h. Let u be c(-2). Suppose -3*y + u = -77. What is the remainder when y is divided by 30?
29
Let p(w) = 2*w**2 - 20*w - 30. What is the remainder when 90 is divided by p(13)?
42
Let h(d) be the second derivative of -3*d**5/20 - d**4/12 + d**3/3 + d**2 + d. Let b = -55 - -53. What is the remainder when 34 is divided by h(b)?
16
Suppose 92 + 169 = 3*b. Suppose 2*f + 65 = 207. Suppose -5*p + 5*v = -95, 0 = 5*p + 3*v - 2*v - f. Calculate the remainder when b is divided by p.
12
Let y be 2 + (2 + 2)/2. Let o = -3 + y. Calculate the remainder when 20 is divided by (o + 0)/(7/77).
9
Let w = 14 - -16. Suppose 3*o + 2 - 26 = 0. Calculate the remainder when w is divided by o.
6
Suppose 0*o = 2*o - 4. Suppose -o*w = -5*w + 408. What is the remainder when 16 is divided by w/22 + 8/(-44)?
4
Calculate the remainder when 104 is divided by 37 + 6 + -3 - (12 + -8).
32
Suppose -5*x + 21 = -4*l, -2*x - 5*l = 3*x - 30. Let q(t) = -89*t + 1. Let n be q(-1). Suppose 5*a - n = -0*a. Calculate the remainder when a is divided by x.
3
Let o be (24/10)/((-12)/60). Let z = o + 15. What is the remainder when (1 - -3)/4 + z is divided by 2?
0
Let s(o) = 5*o - 1 + 4 + 2 + 4*o**2 - 2. What is the remainder when s(3) is divided by 19?
16
Suppose a + r - 131 = 3*r, a + 5*r = 124. Let s = 15 + -11. Suppose f + 2*f = -g + 103, -s*f = g - 136. What is the remainder when a is divided by f?
30
Suppose -2*m + 288 = 96. What is the remainder when m is divided by 20?
16
Let d = 291 - 257. What is the remainder when 100 is divided by d?
32
Let h be 1352/32 - (-1)/(-4). Let s = 52 - h. What is the remainder when 25 is divided by s?
5
Suppose k - 5*a = 11, 140 = -3*k + 7*k + 4*a. Suppose 0 = -5*w + 670 + 405. What is the remainder when w is divided by k?
29
Let u = -55 + 135. What is the remainder when u is divided by ((-33)/(-2))/(-11)*(-1 - 17)?
26
Suppose 11*m - 39*m = -1568. What is the remainder when 157 is divided by m?
45
Let y = 184 - 61. Suppose 0 = 4*u - 5*i - 153, -u + i = 4*u - 207. Calculate the remainder when y is divided by u.
39
Let z(c) = -2*c**2 - 20*c + 1. Let g(s) = -5*s. Let r(w) = 6*g(w) - z(w). Let p = 5 + 3. Calculate the remainder when r(p) is divided by 16.
15
Suppose -r + 8 = 3*r. Suppose -12 = -5*u - r*m - 1, -5*u + 9 = 3*m. What is the remainder when (-82)/(-14) - (-9)/63 is divided by u?
0
Let t = -44 - -67. Suppose 0*x = i - 4*x - t, 0 = i + x + 2. Calculate the remainder when 6 is divided by i.
0
Suppose -4*z + z = -24. Let j(l) = -2*l + 19. Let k = -6 - -9. Calculate the remainder when k is divided by j(z).
0
Let y(k) = -45*k - 17. Let c be 7 - 8 - (-6)/(-2). What is the remainder when y(c) is divided by 41?
40
Let k(j) = -j**3 - 3*j**2 + 63. Let b = -80 - -112. What is the remainder when k(0) is divided by b?
31
Let b(s) be the first derivative of -3*s**2/2 + 25*s - 21. What is the remainder when 156 is divided by b(-5)?
36
Let c = -1062 + 1094. What is the remainder when 41 is divided by c?
9
Let a = -1751 - -1754. What is the remainder when 93 is divided by a?
0
Let a(b) = b**2 - 18*b + 34. What is the remainder when 117 is divided by a(17)?
15
Let q be 0 + 1*(-2 + 9). Suppose 4*j - 3*o - 74 = 0, -7*o = j - 2*o - q. What is the remainder when 33 is divided by j?
16
Suppose 35 + 105 = -4*d. Let z = 45 + d. What is the remainder when 24 is divided by z?
4
Let x = -620 - -694. Calculate the remainder when x is divided by 25.
24
Let s(z) = -3*z + 67. Calculate the remainder when 72 is divided by s(14).
22
Let r = 16 + -15. Suppose 0*x - x + r = 0. Calculate the remainder when ((-92)/6)/(x/(-3)) is divided by 8.
6
Let f(c) = c**3 + 6*c**2 + 4*c - 3. Let j be -8 + -3 + 5 - -1. Calculate the remainder when 3 is divided by f(j).
1
Let y be (-1)/2*(0 - -4)*152. Suppose -5*u + 65 = 4*a, -2*u - 72 = -3*a + 2*u. What is the remainder when (-15)/6*y/20 is divided by a?
18
What is the remainder when 220 is divided by 672/36*(-12)/(-8)?
24
Let o(y) = -2*y**3 - y**2 - 2*y. Let l be (-192)/90 - (-2)/15. What is the remainder when 62 is divided by o(l)?
14
Calculate the remainder when 16/(20/(-5)) + 124 is divided by 61.
59
Let r = 23 + -18. Suppose r*w = -3*l + 38, -3*w = 3*l - 4*l + 36. Calculate the remainder when 37 is divided by l.
16
Let c(g) = g**3 - g**2 + 13. Calculate the remainder when (-12)/(2 + 66/(-24)) + (7 - 1) is divided by c(0).
9
Let j(c) = c - 4. Let m be j(0). Let o(t) = -t + 1. Let q(f) = -6*f. Let l(b) = -6*o(b) + 2*q(b). What is the remainder when 53 is divided by l(m)?
17
Let z(u) = u**2 - 13. Let d be z(3). Calculate the remainder when ((-36)/8 + -2)*d is divided by 4.
2
Let j(y) = 2*y**2 - 8*y - 32. Let c be j(-5). What is the remainder when 112 is divided by (c/10)/(((-9)/(-3))/15)?
25
Let y(r) = 11*r + 151. Calculate the remainder when y(-10) is divided by 11.
8
Let h be 119/1 - (-24)/6. What i